 (5 + -1 + -12).
8
Let m be 6/(-3)*45/(-6). Let k = m - 6. Calculate the remainder when 15 is divided by k.
6
Suppose 16 = 3*g - 17. Let k be (-62)/(-4)*(3 - 1). What is the remainder when -2 + k/1 + 3 is divided by g?
10
Suppose 4*a - 3*a = -1. Let u be 1 + 2 + (-2 - a). Suppose u = q - 12. Calculate the remainder when 41 is divided by q.
13
Let s = 19 + -8. Let f = 12 + 19. What is the remainder when f is divided by s?
9
Suppose 5*j + 2*c - 79 = 0, -5*j + 0*c + 82 = c. Calculate the remainder when j is divided by 4/(-16) + (-74)/(-8).
8
Let c = -4 - -5. Calculate the remainder when 3 is divided by c.
0
Let y = 92 - 66. Calculate the remainder when 75 is divided by y.
23
Let o = -51 - -57. Calculate the remainder when 17 is divided by o.
5
Let l be 5/(-2)*18/(-15). Suppose 0 = -p + l + 29. Suppose 0 = 6*m - 3*m - 33. What is the remainder when p is divided by m?
10
Suppose 0 = -5*n + 13 + 7. Suppose -2*l + 33 = k, n*l - 3 = k + 66. Let p = -69 + 119. What is the remainder when p is divided by l?
16
Let d = -7 + 4. What is the remainder when 25 is divided by (d - -16) + (-1 - -2)?
11
Let u = -9 + 18. Suppose -6 - u = -5*h. Suppose h*n = n + 12. What is the remainder when n is divided by 4?
2
Let v = 1 - -3. Let o be v/(-8) + 46/(-4). Let a = o + 44. Calculate the remainder when a is divided by 11.
10
Suppose 5*b + 9 = i, 0*i - b = -5*i + 21. Let r = -2 + i. What is the remainder when (2/(-4))/((-2)/16) is divided by r?
0
Let r(d) = -d**2 - 7*d - 1. Let v be r(-5). Let l = v + -3. Calculate the remainder when l is divided by 3.
0
Let d(n) = n**2 - 11*n + 27. Let a(l) = 2*l + 7. What is the remainder when a(5) is divided by d(9)?
8
Calculate the remainder when (-3)/(-12) - 222/(-8) is divided by 1/(5/(-2))*(-28 + 8).
4
Let m(a) = -a**3 - 3*a**2 - 3*a. Let y be m(-2). Let b(x) = 10*x + 1. What is the remainder when b(y) is divided by 11?
10
Suppose 3*r = -3*h - 2*r + 138, -5*r = 5*h - 220. What is the remainder when h is divided by (-44)/(-3)*3/2?
19
Let c(y) = -5*y + 8. Let g be c(-10). Suppose g = -3*t + 5*t. What is the remainder when 50 is divided by 0 + (3 - 6) + t?
24
Let y = 33 - 21. Let b be (3/2 - 2)*-4. Suppose -a + 5*r = b*r - 38, 2*a - 61 = 3*r. Calculate the remainder when a is divided by y.
11
Let s = -47 + 27. Let d = -8 - s. What is the remainder when d is divided by 7?
5
Let p = 6 + -4. Suppose 3*x - p*x = -12. Calculate the remainder when 2/6 + (-56)/x is divided by 3.
2
Let y = -20 + 29. What is the remainder when -4 + 9*4 - -2 is divided by y?
7
Let m(k) = k**3 + 9*k**2 + 7*k - 8. Let x be m(-8). Suppose 3*b - 7*b + 76 = x. Calculate the remainder when b is divided by 11.
8
Suppose 0 = -0*c + 2*c - 4, 0 = -5*h + 3*c + 104. Let n(o) = 0*o - 3*o + o. Calculate the remainder when h is divided by n(-4).
6
Suppose 0 = 2*t - 143 - 69. Let r = t + -50. Let q(o) = 19*o. Calculate the remainder when r is divided by q(1).
18
Suppose -7 = 3*j - 4*j. What is the remainder when 70/6 - (-1)/3 is divided by j?
5
Suppose -10*s = -2*s - 424. What is the remainder when s is divided by 6?
5
Suppose -404 = -4*w - 100. Suppose 7*g - w = 3*g. Suppose -3*d = -g - 8. What is the remainder when d is divided by 5?
4
Suppose 36 = 3*v - 0. Suppose 2*p - v = -0*p. Calculate the remainder when 27 is divided by p.
3
What is the remainder when ((-166)/(-6))/(1/3) is divided by (-30)/18 + 3 - (-59)/3?
20
Suppose -190 = -5*s + 3*g, 2*s + 4*g - 72 - 30 = 0. Let b(u) = 9*u - 2. Let q be b(-5). Let i = -33 - q. What is the remainder when s is divided by i?
13
Let l(y) = -y + 22. Calculate the remainder when 17 is divided by l(12).
7
Let y = 2 + -7. What is the remainder when 15 is divided by 12/y*30/(-9)?
7
Calculate the remainder when 123 + -1 + (4 - 3) is divided by 31.
30
Suppose -76 = 5*z - z. Let i = -9 - z. What is the remainder when 39 is divided by i?
9
Suppose 0 = -y + 1 + 1. Let i = y + 2. Calculate the remainder when 15 is divided by i.
3
Suppose -r - 5*x - 12 = 0, -4*r + 2*x = 6*x - 16. Suppose 2*b = -r + 30. Calculate the remainder when 20 is divided by b.
9
What is the remainder when 1 - (90/(-3) + 4) is divided by 15?
12
Suppose 3*z + 3*j + 13 = 28, 3*z - j = 7. Let k be 2/3 - (-22)/z. Let b = k + -3. What is the remainder when 8 is divided by b?
3
Suppose 4*x - 9 = -2*p - 1, 5*x = 0. What is the remainder when 47 is divided by p?
3
Let d = 13 - 5. Calculate the remainder when 21 is divided by d.
5
Let x = -86 - -126. What is the remainder when x is divided by 23?
17
Suppose -2*i = d - 39, 5*i - 3*i = -3*d + 29. Suppose i + 18 = 4*y. Let z = -9 + 27. Calculate the remainder when z is divided by y.
8
Suppose -2*i + 35 = 4*p + 1, 4*i = -p + 47. What is the remainder when 41 is divided by i?
8
Suppose -5*a - 185 = -10*a. Calculate the remainder when a is divided by 20.
17
Suppose -5*r + 9*r - 64 = 0. What is the remainder when 56 is divided by r?
8
Let n(k) = k**2 + 7*k. Let z be n(-7). Suppose -l + 60 = 4*l. What is the remainder when -1 + (37 - z - 1) is divided by l?
11
Let g(t) = 4*t**3 - 2*t**2 + t. Let o be g(1). Suppose -4*q + q - s + 17 = 0, 20 = o*q - 2*s. Calculate the remainder when 16 is divided by q.
4
Suppose 2*p = 2 + 2. Let q(l) = -p*l**3 - 5*l + 8*l**2 - 4 - l**3 + 2*l**3. What is the remainder when 19 is divided by q(7)?
9
Suppose 3*v - 111 = -15. Calculate the remainder when v is divided by 18.
14
Suppose -20 = 2*x - 6*x. Suppose -x*c + 8 + 12 = 0. What is the remainder when 7 is divided by c?
3
Suppose 0*t - 9*t = -90. Calculate the remainder when t is divided by 3.
1
What is the remainder when 18 is divided by (-6 + -4)*2/(-4)?
3
Let t be 2*(-2)/4*2. Calculate the remainder when 13 is divided by 1/t*-10 + 2.
6
Let z be 0/(6/9*3). Suppose z*q + 2*q = 38. What is the remainder when 35 is divided by q?
16
Let w = -13 + 21. Calculate the remainder when w is divided by 6.
2
Suppose 4*v - 5*t + 0*t - 221 = 0, 5*v + t = 240. What is the remainder when 143 is divided by v?
45
Suppose 0 = -4*w + 38 + 14. Let t be (-9)/(-3) + 3*-1. Suppose a - 2 = 0, t = -0*o - 3*o - a + 110. What is the remainder when o is divided by w?
10
Suppose -3*f + 1 = -2. Let t = -239 + 240. What is the remainder when f is divided by t?
0
Suppose 3*i - 3*c = -2*i + 143, -4*c = i - 47. Suppose a + a - i = -3*y, -11 = -2*a + y. What is the remainder when 22 is divided by a?
6
Let h(j) = -j - 7. Let z(p) = p**3 - 5*p**2 + 4*p - 2. Let c be z(3). Let g be h(c). Suppose -8 = -3*f + g. What is the remainder when f is divided by 2?
1
Suppose 0*d - 5*d - 35 = 0. Let i = d + 21. What is the remainder when i is divided by 8?
6
Let f(l) = l**3 + l**2 - 6. Let w = 8 + -8. Let b be f(w). Let y = 13 + b. Calculate the remainder when 20 is divided by y.
6
Let d(f) = -4*f + 0*f**2 + 2 + f**2 + f**2. Suppose -2*s - 10 = -4*s. Calculate the remainder when d(3) is divided by s.
3
Suppose -3*k - 5 = -5*v - 2, 3*k = v + 9. Suppose -v*z - j - j = -55, j + 40 = 3*z. Calculate the remainder when 28 is divided by z.
13
Suppose 601 + 292 = 19*y. Calculate the remainder when y is divided by 17.
13
Let f(z) = 0*z + 1 - 4*z - 1. Calculate the remainder when 21 is divided by f(-2).
5
Suppose -36 = -8*d + 4*d. Calculate the remainder when 17 is divided by d.
8
Let r be 2/(-7) + 2652/21. Suppose 5*m - r = 14. Suppose -4*o - 12 = -h, 4*h = -5*o - m + 160. What is the remainder when h is divided by 15?
13
Let l(m) = 3*m + 6. Suppose -3*a + u = 4*u, 0 = 4*a + 3*u - 5. Calculate the remainder when 40 is divided by l(a).
19
Let y = -12 + 22. Calculate the remainder when 40 + -2 + (-4 - -3) is divided by y.
7
Suppose -39 = -w - 9. Calculate the remainder when w is divided by 17.
13
Let f = -80 - -219. What is the remainder when f is divided by 20?
19
Suppose l = 5*l - a - 119, 73 = 3*l - 4*a. Calculate the remainder when 151 is divided by l.
27
Let h(v) = 5*v**3 + v**2 - v. Let c be h(1). Suppose 2*i - c*i = -15. What is the remainder when 13 is divided by i?
3
Suppose -11*x + 14*x - 54 = 0. Calculate the remainder when 34 is divided by x.
16
Suppose -6*g = -10 - 8. Calculate the remainder when 3 is divided by g.
0
Let b = -41 + 63. Let z(g) = -g**2 - 9*g - 6. Calculate the remainder when b is divided by z(-7).
6
Let d = 9 - 14. What is the remainder when 3 is divided by 4/d*(-5)/2?
1
Suppose -22 =